{"id":8786,"date":"2025-05-19T14:28:10","date_gmt":"2025-05-19T14:28:10","guid":{"rendered":"https:\/\/www.cmsmacchine.it\/?page_id=8786"},"modified":"2025-05-20T09:03:54","modified_gmt":"2025-05-20T09:03:54","slug":"assistance","status":"publish","type":"page","link":"https:\/\/www.cmsmacchine.it\/index.php\/fr\/assistance\/","title":{"rendered":"Assistance \u2705"},"content":{"rendered":"\t\t<div data-elementor-type=\"wp-page\" data-elementor-id=\"8786\" class=\"elementor elementor-8786\" data-elementor-post-type=\"page\">\n\t\t\t\t\t\t<section class=\"elementor-section elementor-top-section elementor-element elementor-element-3cdb008 elementor-section-stretched elementor-section-boxed elementor-section-height-default elementor-section-height-default elementor-invisible\" data-id=\"3cdb008\" data-element_type=\"section\" data-settings=\"{&quot;stretch_section&quot;:&quot;section-stretched&quot;,&quot;animation&quot;:&quot;fadeIn&quot;}\">\n\t\t\t\t\t\t<div class=\"elementor-container elementor-column-gap-default\">\n\t\t\t\t\t<div class=\"elementor-column elementor-col-100 elementor-top-column elementor-element elementor-element-5ab2e87\" data-id=\"5ab2e87\" data-element_type=\"column\">\n\t\t\t<div class=\"elementor-widget-wrap elementor-element-populated\">\n\t\t\t\t\t\t<div class=\"elementor-element elementor-element-2177611 elementor-widget elementor-widget-heading\" data-id=\"2177611\" data-element_type=\"widget\" data-widget_type=\"heading.default\">\n\t\t\t\t<div class=\"elementor-widget-container\">\n\t\t\t\t\t<h4 class=\"elementor-heading-title elementor-size-default\">Besoin d\u2019une intervention technique ?\n<\/h4>\t\t\t\t<\/div>\n\t\t\t\t<\/div>\n\t\t\t\t<div class=\"elementor-element elementor-element-7674c07 elementor-widget elementor-widget-text-editor\" data-id=\"7674c07\" data-element_type=\"widget\" data-widget_type=\"text-editor.default\">\n\t\t\t\t<div class=\"elementor-widget-container\">\n\t\t\t\t\t\t\t\t\t<p class=\"\" data-start=\"892\" data-end=\"1056\">Remplissez le formulaire : nous vous recontacterons au plus vite pour vous fournir l\u2019assistance n\u00e9cessaire ou organiser l\u2019intervention demand\u00e9e.<\/p>\t\t\t\t\t\t\t\t<\/div>\n\t\t\t\t<\/div>\n\t\t\t\t<div class=\"elementor-element elementor-element-2b0fb71 elementor-widget elementor-widget-formidable\" data-id=\"2b0fb71\" data-element_type=\"widget\" data-widget_type=\"formidable.default\">\n\t\t\t\t<div class=\"elementor-widget-container\">\n\t\t\t\t\t<div class=\"frm_forms  with_frm_style frm_style_stile-di-formidable\" id=\"frm_form_3_container\" data-token=\"16263e06bcff3022ca7b8065e311c730\">\n<form enctype=\"multipart\/form-data\" method=\"post\" class=\"frm-show-form \" id=\"form_assistance\" data-token=\"16263e06bcff3022ca7b8065e311c730\">\n<div class=\"frm_form_fields \">\n<fieldset>\n<legend class=\"frm_screen_reader\">Assistance<\/legend>\r\n\r\n<div class=\"frm_fields_container\">\n<input type=\"hidden\" name=\"frm_action\" value=\"create\" \/>\n<input type=\"hidden\" name=\"form_id\" value=\"3\" \/>\n<input type=\"hidden\" name=\"frm_hide_fields_3\" id=\"frm_hide_fields_3\" value=\"\" \/>\n<input type=\"hidden\" name=\"form_key\" value=\"assistance\" \/>\n<input type=\"hidden\" name=\"item_meta[0]\" value=\"\" \/>\n<input type=\"hidden\" id=\"frm_submit_entry_3\" name=\"frm_submit_entry_3\" value=\"40088151fd\" \/><input type=\"hidden\" name=\"_wp_http_referer\" value=\"\/index.php\/wp-json\/wp\/v2\/pages\/8786\" \/><div id=\"frm_field_10_container\" class=\"frm_form_field form-field  frm_required_field frm_top_container\">\r\n    <label for=\"field_rcbe4\" id=\"field_rcbe4_label\" class=\"frm_primary_label\">Entreprise\r\n        <span class=\"frm_required\" aria-hidden=\"true\">*<\/span>\r\n    <\/label>\r\n    <input type=\"text\" id=\"field_rcbe4\" name=\"item_meta[10]\" value=\"\"  data-reqmsg=\"Entreprise non pu\u00f2 essere vuoto.\" aria-required=\"true\" data-invmsg=\"Testo non \u00e8 valido\" aria-invalid=\"false\"  \/>\r\n    \r\n    \r\n<\/div>\n<div id=\"frm_field_11_container\" class=\"frm_form_field form-field  frm_required_field frm_top_container\">\r\n    <label for=\"field_3j8l7\" id=\"field_3j8l7_label\" class=\"frm_primary_label\">Email\r\n        <span class=\"frm_required\" aria-hidden=\"true\">*<\/span>\r\n    <\/label>\r\n    <input type=\"email\" id=\"field_3j8l7\" name=\"item_meta[11]\" value=\"\"  data-reqmsg=\"Email non pu\u00f2 essere vuoto.\" aria-required=\"true\" data-invmsg=\"Email non \u00e8 valido\" aria-invalid=\"false\"  \/>\r\n    \r\n    \r\n<\/div>\n<div id=\"frm_field_12_container\" class=\"frm_form_field form-field  frm_required_field frm_top_container\">\r\n    <label for=\"field_5fjvx\" id=\"field_5fjvx_label\" class=\"frm_primary_label\">Urgence\r\n        <span class=\"frm_required\" aria-hidden=\"true\">*<\/span>\r\n    <\/label>\r\n    \t\t<select name=\"item_meta[12]\" id=\"field_5fjvx\"  data-reqmsg=\"Urgence non pu\u00f2 essere vuoto.\" aria-required=\"true\" data-invmsg=\"Urgence non \u00e8 valido\" aria-invalid=\"false\"  >\n\t\t<option  value=\"Faible\">Faible<\/option><option  value=\"Moyenne\">Moyenne<\/option><option  value=\"\u00c9lev\u00e9e\">\u00c9lev\u00e9e<\/option>\t<\/select>\n\t\r\n    \r\n    \r\n<\/div>\n<div id=\"frm_field_15_container\" class=\"frm_form_field form-field  frm_required_field frm_top_container\">\r\n    <label for=\"field_b9i0h\" id=\"field_b9i0h_label\" class=\"frm_primary_label\">Comment pouvons-nous vous aider ?\r\n        <span class=\"frm_required\" aria-hidden=\"true\">*<\/span>\r\n    <\/label>\r\n    <textarea name=\"item_meta[15]\" id=\"field_b9i0h\" rows=\"5\"  data-reqmsg=\"Comment pouvons-nous vous aider ? non pu\u00f2 essere vuoto.\" aria-required=\"true\" data-invmsg=\"Comment pouvons-nous vous aider ? non \u00e8 valido\" aria-invalid=\"false\"  ><\/textarea>\r\n    \r\n    \r\n<\/div>\n<div id=\"frm_field_13_container\" class=\"frm_form_field form-field  frm_required_field frm_top_container frm6 frm_first\">\r\n    <label for=\"field_foaym\" id=\"field_foaym_label\" class=\"frm_primary_label\">Num\u00e9ro de s\u00e9rie de la machine\r\n        <span class=\"frm_required\" aria-hidden=\"true\">*<\/span>\r\n    <\/label>\r\n    <input type=\"text\" id=\"field_foaym\" name=\"item_meta[13]\" value=\"\"  data-reqmsg=\"Num\u00e9ro de s\u00e9rie de la machine non pu\u00f2 essere vuoto.\" aria-required=\"true\" data-invmsg=\"Testo non \u00e8 valido\" aria-invalid=\"false\"  \/>\r\n    \r\n    \r\n<\/div>\n<div id=\"frm_field_14_container\" class=\"frm_form_field form-field  frm_top_container frm6\">\r\n    <label for=\"field_gn3o2\" id=\"field_gn3o2_label\" class=\"frm_primary_label\">D\u00e9nomination\r\n        <span class=\"frm_required\" aria-hidden=\"true\"><\/span>\r\n    <\/label>\r\n    <input type=\"text\" id=\"field_gn3o2\" name=\"item_meta[14]\" value=\"\"  data-invmsg=\"Testo non \u00e8 valido\" aria-invalid=\"false\"  \/>\r\n    \r\n    \r\n<\/div>\n<div id=\"frm_field_27_container\" class=\"frm_form_field form-field \">\r\n\t<div class=\"frm_submit\">\r\n\r\n<button class=\"frm_button_submit\" type=\"submit\"  >Envoyer<\/button>\r\n\r\n\r\n<\/div>\r\n<\/div>\n\t<input type=\"hidden\" name=\"item_key\" value=\"\" \/>\n\t\t\t<div id=\"frm_field_56_container\">\n\t\t\t<label for=\"field_mhn3e\" >\n\t\t\t\tSe sei un essere umano, lascia questo campo vuoto.\t\t\t<\/label>\n\t\t\t<input  id=\"field_mhn3e\" type=\"text\" class=\"frm_form_field form-field frm_verify\" name=\"item_meta[56]\" value=\"\"  \/>\n\t\t<\/div>\n\t\t<input name=\"frm_state\" type=\"hidden\" value=\"WKDx0J5O\/ayxpgCn0R3p5Iql14QvCBvN7TynnTR826Q=\" \/><\/div>\n<\/fieldset>\n<\/div>\n\n<\/form>\n<\/div>\n\t\t\t\t<\/div>\n\t\t\t\t<\/div>\n\t\t\t\t\t<\/div>\n\t\t<\/div>\n\t\t\t\t\t<\/div>\n\t\t<\/section>\n\t\t\t\t<\/div>\n\t\t","protected":false},"excerpt":{"rendered":"<p>Besoin d\u2019une intervention technique ? Remplissez le formulaire : nous vous recontacterons au plus vite pour vous fournir l\u2019assistance n\u00e9cessaire ou organiser l\u2019intervention demand\u00e9e. Assistance Entreprise * Email * Urgence * FaibleMoyenne\u00c9lev\u00e9e Comment pouvons-nous vous aider ? * Num\u00e9ro de s\u00e9rie de la machine * D\u00e9nomination Envoyer Se sei un essere umano, lascia questo campo vuoto.<\/p>\n","protected":false},"author":1,"featured_media":117,"parent":0,"menu_order":0,"comment_status":"closed","ping_status":"closed","template":"","meta":{"footnotes":""},"class_list":["post-8786","page","type-page","status-publish","has-post-thumbnail"],"yoast_head":"<!-- This site is optimized with the Yoast SEO plugin v26.3 - https:\/\/yoast.com\/wordpress\/plugins\/seo\/ -->\n<title>Assistance \u2705 - C.M.S. srl<\/title>\n<meta name=\"robots\" content=\"index, follow, max-snippet:-1, max-image-preview:large, max-video-preview:-1\" \/>\n<link rel=\"canonical\" href=\"https:\/\/www.cmsmacchine.it\/index.php\/fr\/assistance\/\" \/>\n<meta property=\"og:locale\" content=\"it_IT\" \/>\n<meta property=\"og:type\" content=\"article\" \/>\n<meta property=\"og:title\" content=\"Assistance \u2705 - C.M.S. srl\" \/>\n<meta property=\"og:description\" content=\"Besoin d\u2019une intervention technique ? Remplissez le formulaire : nous vous recontacterons au plus vite pour vous fournir l\u2019assistance n\u00e9cessaire ou organiser l\u2019intervention demand\u00e9e. Assistance Entreprise * Email * Urgence * FaibleMoyenne\u00c9lev\u00e9e Comment pouvons-nous vous aider ? * Num\u00e9ro de s\u00e9rie de la machine * D\u00e9nomination Envoyer Se sei un essere umano, lascia questo campo vuoto.\" \/>\n<meta property=\"og:url\" content=\"https:\/\/www.cmsmacchine.it\/index.php\/fr\/assistance\/\" \/>\n<meta property=\"og:site_name\" content=\"C.M.S. srl\" \/>\n<meta property=\"article:modified_time\" content=\"2025-05-20T09:03:54+00:00\" \/>\n<meta property=\"og:image\" content=\"https:\/\/www.cmsmacchine.it\/wp-content\/uploads\/2019\/02\/4.png\" \/>\n\t<meta property=\"og:image:width\" content=\"1950\" \/>\n\t<meta property=\"og:image:height\" content=\"799\" \/>\n\t<meta property=\"og:image:type\" content=\"image\/png\" \/>\n<meta name=\"twitter:card\" content=\"summary_large_image\" \/>\n<meta name=\"twitter:label1\" content=\"Tempo di lettura stimato\" \/>\n\t<meta name=\"twitter:data1\" content=\"1 minuto\" \/>\n<script type=\"application\/ld+json\" class=\"yoast-schema-graph\">{\"@context\":\"https:\/\/schema.org\",\"@graph\":[{\"@type\":\"WebPage\",\"@id\":\"https:\/\/www.cmsmacchine.it\/index.php\/fr\/assistance\/\",\"url\":\"https:\/\/www.cmsmacchine.it\/index.php\/fr\/assistance\/\",\"name\":\"Assistance \u2705 - C.M.S. srl\",\"isPartOf\":{\"@id\":\"https:\/\/www.cmsmacchine.it\/#website\"},\"primaryImageOfPage\":{\"@id\":\"https:\/\/www.cmsmacchine.it\/index.php\/fr\/assistance\/#primaryimage\"},\"image\":{\"@id\":\"https:\/\/www.cmsmacchine.it\/index.php\/fr\/assistance\/#primaryimage\"},\"thumbnailUrl\":\"https:\/\/www.cmsmacchine.it\/wp-content\/uploads\/2019\/02\/4.png\",\"datePublished\":\"2025-05-19T14:28:10+00:00\",\"dateModified\":\"2025-05-20T09:03:54+00:00\",\"breadcrumb\":{\"@id\":\"https:\/\/www.cmsmacchine.it\/index.php\/fr\/assistance\/#breadcrumb\"},\"inLanguage\":\"it-IT\",\"potentialAction\":[{\"@type\":\"ReadAction\",\"target\":[\"https:\/\/www.cmsmacchine.it\/index.php\/fr\/assistance\/\"]}]},{\"@type\":\"ImageObject\",\"inLanguage\":\"it-IT\",\"@id\":\"https:\/\/www.cmsmacchine.it\/index.php\/fr\/assistance\/#primaryimage\",\"url\":\"https:\/\/www.cmsmacchine.it\/wp-content\/uploads\/2019\/02\/4.png\",\"contentUrl\":\"https:\/\/www.cmsmacchine.it\/wp-content\/uploads\/2019\/02\/4.png\",\"width\":1950,\"height\":799},{\"@type\":\"BreadcrumbList\",\"@id\":\"https:\/\/www.cmsmacchine.it\/index.php\/fr\/assistance\/#breadcrumb\",\"itemListElement\":[{\"@type\":\"ListItem\",\"position\":1,\"name\":\"Home\",\"item\":\"https:\/\/www.cmsmacchine.it\/\"},{\"@type\":\"ListItem\",\"position\":2,\"name\":\"Assistance \u2705\"}]},{\"@type\":\"WebSite\",\"@id\":\"https:\/\/www.cmsmacchine.it\/#website\",\"url\":\"https:\/\/www.cmsmacchine.it\/\",\"name\":\"C.M.S. srl\",\"description\":\"macchine per l&#039;automazione industriale\",\"publisher\":{\"@id\":\"https:\/\/www.cmsmacchine.it\/#organization\"},\"potentialAction\":[{\"@type\":\"SearchAction\",\"target\":{\"@type\":\"EntryPoint\",\"urlTemplate\":\"https:\/\/www.cmsmacchine.it\/?s={search_term_string}\"},\"query-input\":{\"@type\":\"PropertyValueSpecification\",\"valueRequired\":true,\"valueName\":\"search_term_string\"}}],\"inLanguage\":\"it-IT\"},{\"@type\":\"Organization\",\"@id\":\"https:\/\/www.cmsmacchine.it\/#organization\",\"name\":\"C.M.S. srl\",\"url\":\"https:\/\/www.cmsmacchine.it\/\",\"logo\":{\"@type\":\"ImageObject\",\"inLanguage\":\"it-IT\",\"@id\":\"https:\/\/www.cmsmacchine.it\/#\/schema\/logo\/image\/\",\"url\":\"https:\/\/www.cmsmacchine.it\/wp-content\/uploads\/2022\/11\/cropped-cms-logo-sito-menu.png\",\"contentUrl\":\"https:\/\/www.cmsmacchine.it\/wp-content\/uploads\/2022\/11\/cropped-cms-logo-sito-menu.png\",\"width\":3493,\"height\":1146,\"caption\":\"C.M.S. srl\"},\"image\":{\"@id\":\"https:\/\/www.cmsmacchine.it\/#\/schema\/logo\/image\/\"}}]}<\/script>\n<!-- \/ Yoast SEO plugin. -->","yoast_head_json":{"title":"Assistance \u2705 - C.M.S. srl","robots":{"index":"index","follow":"follow","max-snippet":"max-snippet:-1","max-image-preview":"max-image-preview:large","max-video-preview":"max-video-preview:-1"},"canonical":"https:\/\/www.cmsmacchine.it\/index.php\/fr\/assistance\/","og_locale":"it_IT","og_type":"article","og_title":"Assistance \u2705 - C.M.S. srl","og_description":"Besoin d\u2019une intervention technique ? Remplissez le formulaire : nous vous recontacterons au plus vite pour vous fournir l\u2019assistance n\u00e9cessaire ou organiser l\u2019intervention demand\u00e9e. Assistance Entreprise * Email * Urgence * FaibleMoyenne\u00c9lev\u00e9e Comment pouvons-nous vous aider ? * Num\u00e9ro de s\u00e9rie de la machine * D\u00e9nomination Envoyer Se sei un essere umano, lascia questo campo vuoto.","og_url":"https:\/\/www.cmsmacchine.it\/index.php\/fr\/assistance\/","og_site_name":"C.M.S. srl","article_modified_time":"2025-05-20T09:03:54+00:00","og_image":[{"width":1950,"height":799,"url":"https:\/\/www.cmsmacchine.it\/wp-content\/uploads\/2019\/02\/4.png","type":"image\/png"}],"twitter_card":"summary_large_image","twitter_misc":{"Tempo di lettura stimato":"1 minuto"},"schema":{"@context":"https:\/\/schema.org","@graph":[{"@type":"WebPage","@id":"https:\/\/www.cmsmacchine.it\/index.php\/fr\/assistance\/","url":"https:\/\/www.cmsmacchine.it\/index.php\/fr\/assistance\/","name":"Assistance \u2705 - C.M.S. srl","isPartOf":{"@id":"https:\/\/www.cmsmacchine.it\/#website"},"primaryImageOfPage":{"@id":"https:\/\/www.cmsmacchine.it\/index.php\/fr\/assistance\/#primaryimage"},"image":{"@id":"https:\/\/www.cmsmacchine.it\/index.php\/fr\/assistance\/#primaryimage"},"thumbnailUrl":"https:\/\/www.cmsmacchine.it\/wp-content\/uploads\/2019\/02\/4.png","datePublished":"2025-05-19T14:28:10+00:00","dateModified":"2025-05-20T09:03:54+00:00","breadcrumb":{"@id":"https:\/\/www.cmsmacchine.it\/index.php\/fr\/assistance\/#breadcrumb"},"inLanguage":"it-IT","potentialAction":[{"@type":"ReadAction","target":["https:\/\/www.cmsmacchine.it\/index.php\/fr\/assistance\/"]}]},{"@type":"ImageObject","inLanguage":"it-IT","@id":"https:\/\/www.cmsmacchine.it\/index.php\/fr\/assistance\/#primaryimage","url":"https:\/\/www.cmsmacchine.it\/wp-content\/uploads\/2019\/02\/4.png","contentUrl":"https:\/\/www.cmsmacchine.it\/wp-content\/uploads\/2019\/02\/4.png","width":1950,"height":799},{"@type":"BreadcrumbList","@id":"https:\/\/www.cmsmacchine.it\/index.php\/fr\/assistance\/#breadcrumb","itemListElement":[{"@type":"ListItem","position":1,"name":"Home","item":"https:\/\/www.cmsmacchine.it\/"},{"@type":"ListItem","position":2,"name":"Assistance \u2705"}]},{"@type":"WebSite","@id":"https:\/\/www.cmsmacchine.it\/#website","url":"https:\/\/www.cmsmacchine.it\/","name":"C.M.S. srl","description":"macchine per l&#039;automazione industriale","publisher":{"@id":"https:\/\/www.cmsmacchine.it\/#organization"},"potentialAction":[{"@type":"SearchAction","target":{"@type":"EntryPoint","urlTemplate":"https:\/\/www.cmsmacchine.it\/?s={search_term_string}"},"query-input":{"@type":"PropertyValueSpecification","valueRequired":true,"valueName":"search_term_string"}}],"inLanguage":"it-IT"},{"@type":"Organization","@id":"https:\/\/www.cmsmacchine.it\/#organization","name":"C.M.S. srl","url":"https:\/\/www.cmsmacchine.it\/","logo":{"@type":"ImageObject","inLanguage":"it-IT","@id":"https:\/\/www.cmsmacchine.it\/#\/schema\/logo\/image\/","url":"https:\/\/www.cmsmacchine.it\/wp-content\/uploads\/2022\/11\/cropped-cms-logo-sito-menu.png","contentUrl":"https:\/\/www.cmsmacchine.it\/wp-content\/uploads\/2022\/11\/cropped-cms-logo-sito-menu.png","width":3493,"height":1146,"caption":"C.M.S. srl"},"image":{"@id":"https:\/\/www.cmsmacchine.it\/#\/schema\/logo\/image\/"}}]}},"_links":{"self":[{"href":"https:\/\/www.cmsmacchine.it\/index.php\/wp-json\/wp\/v2\/pages\/8786","targetHints":{"allow":["GET"]}}],"collection":[{"href":"https:\/\/www.cmsmacchine.it\/index.php\/wp-json\/wp\/v2\/pages"}],"about":[{"href":"https:\/\/www.cmsmacchine.it\/index.php\/wp-json\/wp\/v2\/types\/page"}],"author":[{"embeddable":true,"href":"https:\/\/www.cmsmacchine.it\/index.php\/wp-json\/wp\/v2\/users\/1"}],"replies":[{"embeddable":true,"href":"https:\/\/www.cmsmacchine.it\/index.php\/wp-json\/wp\/v2\/comments?post=8786"}],"version-history":[{"count":7,"href":"https:\/\/www.cmsmacchine.it\/index.php\/wp-json\/wp\/v2\/pages\/8786\/revisions"}],"predecessor-version":[{"id":8793,"href":"https:\/\/www.cmsmacchine.it\/index.php\/wp-json\/wp\/v2\/pages\/8786\/revisions\/8793"}],"wp:featuredmedia":[{"embeddable":true,"href":"https:\/\/www.cmsmacchine.it\/index.php\/wp-json\/wp\/v2\/media\/117"}],"wp:attachment":[{"href":"https:\/\/www.cmsmacchine.it\/index.php\/wp-json\/wp\/v2\/media?parent=8786"}],"curies":[{"name":"wp","href":"https:\/\/api.w.org\/{rel}","templated":true}]}}