{"id":8981,"date":"2025-06-11T12:30:48","date_gmt":"2025-06-11T12:30:48","guid":{"rendered":"https:\/\/www.cmsmacchine.it\/?page_id=8981"},"modified":"2025-06-11T12:31:39","modified_gmt":"2025-06-11T12:31:39","slug":"contactenos","status":"publish","type":"page","link":"https:\/\/www.cmsmacchine.it\/index.php\/es\/contactenos\/","title":{"rendered":"Cont\u00e1ctenos"},"content":{"rendered":"\t\t<div data-elementor-type=\"wp-page\" data-elementor-id=\"8981\" class=\"elementor elementor-8981\" data-elementor-post-type=\"page\">\n\t\t\t\t\t\t<section class=\"elementor-section elementor-top-section elementor-element elementor-element-a66ebc3 elementor-section-content-middle elementor-section-stretched elementor-section-boxed elementor-section-height-default elementor-section-height-default elementor-invisible\" data-id=\"a66ebc3\" data-element_type=\"section\" data-settings=\"{&quot;stretch_section&quot;:&quot;section-stretched&quot;,&quot;animation&quot;:&quot;fadeIn&quot;}\">\n\t\t\t\t\t\t<div class=\"elementor-container elementor-column-gap-default\">\n\t\t\t\t\t<div class=\"elementor-column elementor-col-50 elementor-top-column elementor-element elementor-element-e341845\" data-id=\"e341845\" data-element_type=\"column\">\n\t\t\t<div class=\"elementor-widget-wrap elementor-element-populated\">\n\t\t\t\t\t\t<div class=\"elementor-element elementor-element-eac9135 elementor-widget elementor-widget-text-editor\" data-id=\"eac9135\" data-element_type=\"widget\" data-widget_type=\"text-editor.default\">\n\t\t\t\t<div class=\"elementor-widget-container\">\n\t\t\t\t\t\t\t\t\t<p class=\"\" data-start=\"277\" data-end=\"518\">\u00bfTienes una idea, una necesidad t\u00e9cnica o simplemente quieres saber c\u00f3mo podemos ayudarte?<br data-start=\"217\" data-end=\"220\" \/>Nuestro equipo est\u00e1 listo para escucharte y guiarte hacia la soluci\u00f3n a medida para ti.<br data-start=\"307\" data-end=\"310\" \/>Rellena el formulario a continuaci\u00f3n y nos pondremos en contacto contigo lo antes posible.<\/p><p class=\"\" data-start=\"277\" data-end=\"518\"><strong>Direcci\u00f3n: Via S. Francesco d\u2019 Assisi, 1 \u2013 22036 \u2013 Erba \u2013 CO \u2013 Italia<br data-start=\"475\" data-end=\"478\" \/>Tel.: +39 031 3355372<br data-start=\"503\" data-end=\"506\" \/>Oficina de Contabilidad: <\/strong><a href=\"mailto:amministrazione@cmsmacchine.it\">amministrazione@cmsmacchine.it<\/a><strong><br data-start=\"534\" data-end=\"537\" \/>Oficina Comercial: <\/strong><a href=\"mailto:info@cmsmacchine.it\">info@cmsmacchine.it<\/a><\/p>\t\t\t\t\t\t\t\t<\/div>\n\t\t\t\t<\/div>\n\t\t\t\t<div class=\"elementor-element elementor-element-62f24cd elementor-widget elementor-widget-formidable\" data-id=\"62f24cd\" data-element_type=\"widget\" data-widget_type=\"formidable.default\">\n\t\t\t\t<div class=\"elementor-widget-container\">\n\t\t\t\t\t<div class=\"frm_forms  with_frm_style frm_style_stile-di-formidable\" id=\"frm_form_6_container\" data-token=\"16263e06bcff3022ca7b8065e311c730\">\n<form enctype=\"multipart\/form-data\" method=\"post\" class=\"frm-show-form \" id=\"form_contctanos\" data-token=\"16263e06bcff3022ca7b8065e311c730\">\n<div class=\"frm_form_fields \">\n<fieldset>\n<legend class=\"frm_screen_reader\">Cont\u00e1ctanos<\/legend>\r\n\r\n<div class=\"frm_fields_container\">\n<input type=\"hidden\" name=\"frm_action\" value=\"create\" \/>\n<input type=\"hidden\" name=\"form_id\" value=\"6\" \/>\n<input type=\"hidden\" name=\"frm_hide_fields_6\" id=\"frm_hide_fields_6\" value=\"\" \/>\n<input type=\"hidden\" name=\"form_key\" value=\"contctanos\" \/>\n<input type=\"hidden\" name=\"item_meta[0]\" value=\"\" \/>\n<input type=\"hidden\" id=\"frm_submit_entry_6\" name=\"frm_submit_entry_6\" value=\"40088151fd\" \/><input type=\"hidden\" name=\"_wp_http_referer\" value=\"\/index.php\/wp-json\/wp\/v2\/pages\/8981\" \/><div id=\"frm_field_28_container\" class=\"frm_form_field form-field  frm_required_field frm_top_container\">\r\n    <div  id=\"field_nbnlh3_label\" class=\"frm_primary_label\">Nombre y Apellido\r\n        <span class=\"frm_required\" aria-hidden=\"true\">*<\/span>\r\n    <\/div>\r\n    <fieldset aria-labelledby=\"field_nbnlh3_label\">\n\t<legend class=\"frm_screen_reader frm_hidden\">\n\t\tNombre y Apellido\t<\/legend>\n\n\t<div  class=\"frm_combo_inputs_container\" id=\"frm_combo_inputs_container_28\" data-name-layout=\"first_last\">\n\t\t\t\t\t<div\n\t\t\t\tid=\"frm_field_28-first_container\"\n\t\t\t\tclass=\"frm_form_field form-field frm_form_subfield-first  frm6\"\n\t\t\t\tdata-sub-field-name=\"first\"\n\t\t\t>\n\t\t\t\t<label for=\"field_nbnlh3_first\" class=\"frm_screen_reader frm_hidden\">\n\t\t\t\t\tNombre y Apellido\t\t\t\t<\/label>\n\n\t\t\t\t<input  type=\"text\" id=\"field_nbnlh3_first\" value=\"\" name=\"item_meta[28][first]\" data-reqmsg=\"Nombre y Apellido non pu\u00f2 essere vuoto.\" aria-required=\"true\" data-invmsg=\"Nombre y Apellido non \u00e8 valido\" aria-invalid=\"false\"  \/>\t\t\t<\/div>\n\t\t\t\t\t\t<div\n\t\t\t\tid=\"frm_field_28-last_container\"\n\t\t\t\tclass=\"frm_form_field form-field frm_form_subfield-last  frm6\"\n\t\t\t\tdata-sub-field-name=\"last\"\n\t\t\t>\n\t\t\t\t<label for=\"field_nbnlh3_last\" class=\"frm_screen_reader frm_hidden\">\n\t\t\t\t\tNombre y Apellido\t\t\t\t<\/label>\n\n\t\t\t\t<input  type=\"text\" id=\"field_nbnlh3_last\" value=\"\" name=\"item_meta[28][last]\" data-reqmsg=\"Nombre y Apellido non pu\u00f2 essere vuoto.\" aria-required=\"true\" data-invmsg=\"Nombre y Apellido non \u00e8 valido\" aria-invalid=\"false\"  \/>\t\t\t<\/div>\n\t\t\t\t<\/div>\n<\/fieldset>\n\r\n    \r\n    \r\n<\/div>\n<div id=\"frm_field_52_container\" class=\"frm_form_field form-field  frm_top_container\">\n\t<label for=\"field_lo92f\" id=\"field_lo92f_label\" class=\"frm_primary_label\">Agencia\n\t\t<span class=\"frm_required\" aria-hidden=\"true\"><\/span>\n\t<\/label>\n\t<input type=\"text\" id=\"field_lo92f\" name=\"item_meta[52]\" value=\"\"  data-invmsg=\"Agencia non \u00e8 valido\" aria-invalid=\"false\"  \/>\n\t\n\t\n<\/div>\n<div id=\"frm_field_29_container\" class=\"frm_form_field form-field  frm_required_field frm_top_container\">\r\n    <label for=\"field_zy9sp3\" id=\"field_zy9sp3_label\" class=\"frm_primary_label\">Correo electr\u00f3nico\r\n        <span class=\"frm_required\" aria-hidden=\"true\">*<\/span>\r\n    <\/label>\r\n    <input type=\"email\" id=\"field_zy9sp3\" name=\"item_meta[29]\" value=\"\"  data-reqmsg=\"Correo electr\u00f3nico non pu\u00f2 essere vuoto.\" aria-required=\"true\" data-invmsg=\"Email non \u00e8 valido\" aria-invalid=\"false\"  \/>\r\n    \r\n    \r\n<\/div>\n<div id=\"frm_field_30_container\" class=\"frm_form_field form-field  frm_required_field frm_top_container\">\r\n    <label for=\"field_1h81n3\" id=\"field_1h81n3_label\" class=\"frm_primary_label\">messaggio\r\n        <span class=\"frm_required\" aria-hidden=\"true\">*<\/span>\r\n    <\/label>\r\n    <textarea name=\"item_meta[30]\" id=\"field_1h81n3\" rows=\"5\"  data-reqmsg=\"messaggio non pu\u00f2 essere vuoto.\" aria-required=\"true\" data-invmsg=\"messaggio non \u00e8 valido\" aria-invalid=\"false\"  ><\/textarea>\r\n    \r\n    \r\n<\/div>\n<div id=\"frm_field_31_container\" class=\"frm_form_field form-field \">\r\n\t<div class=\"frm_submit\">\r\n\r\n<button class=\"frm_button_submit\" type=\"submit\"  >Enviar<\/button>\r\n\r\n\r\n<\/div>\r\n<\/div>\n\t<input type=\"hidden\" name=\"item_key\" value=\"\" \/>\n\t\t\t<div id=\"frm_field_56_container\">\n\t\t\t<label for=\"field_iqedu\" >\n\t\t\t\tSe sei un essere umano, lascia questo campo vuoto.\t\t\t<\/label>\n\t\t\t<input  id=\"field_iqedu\" type=\"text\" class=\"frm_form_field form-field frm_verify\" name=\"item_meta[56]\" value=\"\"  \/>\n\t\t<\/div>\n\t\t<input name=\"frm_state\" type=\"hidden\" value=\"WKDx0J5O\/ayxpgCn0R3p5Iql14QvCBvN7TynnTR826Q=\" \/><\/div>\n<\/fieldset>\n<\/div>\n\n<\/form>\n<\/div>\n\t\t\t\t<\/div>\n\t\t\t\t<\/div>\n\t\t\t\t\t<\/div>\n\t\t<\/div>\n\t\t\t\t<div class=\"elementor-column elementor-col-50 elementor-top-column elementor-element elementor-element-5d9e27a\" data-id=\"5d9e27a\" data-element_type=\"column\">\n\t\t\t<div class=\"elementor-widget-wrap elementor-element-populated\">\n\t\t\t\t\t\t<div class=\"elementor-element elementor-element-37d2241 elementor-widget elementor-widget-google_maps\" data-id=\"37d2241\" data-element_type=\"widget\" data-widget_type=\"google_maps.default\">\n\t\t\t\t<div class=\"elementor-widget-container\">\n\t\t\t\t\t\t\t<div class=\"elementor-custom-embed\">\n\t\t\t<iframe loading=\"lazy\"\n\t\t\t\t\tsrc=\"https:\/\/maps.google.com\/maps?q=Via%20S.%20Francesco%20d%E2%80%99%20Assisi%2C%201%20%E2%80%93%2022036%20%E2%80%93%20Erba%20%E2%80%93%20CO&#038;t=m&#038;z=13&#038;output=embed&#038;iwloc=near\"\n\t\t\t\t\ttitle=\"Via S. Francesco d\u2019 Assisi, 1 \u2013 22036 \u2013 Erba \u2013 CO\"\n\t\t\t\t\taria-label=\"Via S. Francesco d\u2019 Assisi, 1 \u2013 22036 \u2013 Erba \u2013 CO\"\n\t\t\t><\/iframe>\n\t\t<\/div>\n\t\t\t\t\t\t<\/div>\n\t\t\t\t<\/div>\n\t\t\t\t\t<\/div>\n\t\t<\/div>\n\t\t\t\t\t<\/div>\n\t\t<\/section>\n\t\t\t\t<\/div>\n\t\t","protected":false},"excerpt":{"rendered":"<p>\u00bfTienes una idea, una necesidad t\u00e9cnica o simplemente quieres saber c\u00f3mo podemos ayudarte?Nuestro equipo est\u00e1 listo para escucharte y guiarte hacia la soluci\u00f3n a medida para ti.Rellena el formulario a continuaci\u00f3n y nos pondremos en contacto contigo lo antes posible. Direcci\u00f3n: Via S. Francesco d\u2019 Assisi, 1 \u2013 22036 \u2013 Erba \u2013 CO \u2013 ItaliaTel.: +39 031 3355372Oficina de Contabilidad: amministrazione@cmsmacchine.itOficina Comercial: info@cmsmacchine.it Cont\u00e1ctanos Nombre y Apellido * Nombre y Apellido Nombre y Apellido Nombre y Apellido Agencia Correo electr\u00f3nico * messaggio * Enviar Se sei un essere umano, lascia questo campo vuoto.<\/p>\n","protected":false},"author":1,"featured_media":84,"parent":0,"menu_order":0,"comment_status":"closed","ping_status":"closed","template":"","meta":{"footnotes":""},"class_list":["post-8981","page","type-page","status-publish","has-post-thumbnail"],"yoast_head":"<!-- This site is optimized with the Yoast SEO plugin v26.3 - https:\/\/yoast.com\/wordpress\/plugins\/seo\/ -->\n<title>Cont\u00e1ctenos - C.M.S. srl<\/title>\n<meta name=\"robots\" content=\"index, follow, max-snippet:-1, max-image-preview:large, max-video-preview:-1\" \/>\n<link rel=\"canonical\" href=\"https:\/\/www.cmsmacchine.it\/index.php\/es\/contactenos\/\" \/>\n<meta property=\"og:locale\" content=\"it_IT\" \/>\n<meta property=\"og:type\" content=\"article\" \/>\n<meta property=\"og:title\" content=\"Cont\u00e1ctenos - C.M.S. srl\" \/>\n<meta property=\"og:description\" content=\"\u00bfTienes una idea, una necesidad t\u00e9cnica o simplemente quieres saber c\u00f3mo podemos ayudarte?Nuestro equipo est\u00e1 listo para escucharte y guiarte hacia la soluci\u00f3n a medida para ti.Rellena el formulario a continuaci\u00f3n y nos pondremos en contacto contigo lo antes posible. Direcci\u00f3n: Via S. Francesco d\u2019 Assisi, 1 \u2013 22036 \u2013 Erba \u2013 CO \u2013 ItaliaTel.: +39 031 3355372Oficina de Contabilidad: amministrazione@cmsmacchine.itOficina Comercial: info@cmsmacchine.it Cont\u00e1ctanos Nombre y Apellido * Nombre y Apellido Nombre y Apellido Nombre y Apellido Agencia Correo electr\u00f3nico * messaggio * Enviar Se sei un essere umano, lascia questo campo vuoto.\" \/>\n<meta property=\"og:url\" content=\"https:\/\/www.cmsmacchine.it\/index.php\/es\/contactenos\/\" \/>\n<meta property=\"og:site_name\" content=\"C.M.S. srl\" \/>\n<meta property=\"article:modified_time\" content=\"2025-06-11T12:31:39+00:00\" \/>\n<meta property=\"og:image\" content=\"http:\/\/www.cmsmacchine.it\/wp-content\/uploads\/2019\/02\/photo-1487446929682-f62f73984006.jpg\" \/>\n\t<meta property=\"og:image:width\" content=\"1951\" \/>\n\t<meta property=\"og:image:height\" content=\"1300\" \/>\n\t<meta property=\"og:image:type\" content=\"image\/jpeg\" \/>\n<meta name=\"twitter:card\" content=\"summary_large_image\" \/>\n<meta name=\"twitter:label1\" content=\"Tempo di lettura stimato\" \/>\n\t<meta name=\"twitter:data1\" content=\"1 minuto\" \/>\n<script type=\"application\/ld+json\" class=\"yoast-schema-graph\">{\"@context\":\"https:\/\/schema.org\",\"@graph\":[{\"@type\":\"WebPage\",\"@id\":\"https:\/\/www.cmsmacchine.it\/index.php\/es\/contactenos\/\",\"url\":\"https:\/\/www.cmsmacchine.it\/index.php\/es\/contactenos\/\",\"name\":\"Cont\u00e1ctenos - C.M.S. srl\",\"isPartOf\":{\"@id\":\"https:\/\/www.cmsmacchine.it\/#website\"},\"primaryImageOfPage\":{\"@id\":\"https:\/\/www.cmsmacchine.it\/index.php\/es\/contactenos\/#primaryimage\"},\"image\":{\"@id\":\"https:\/\/www.cmsmacchine.it\/index.php\/es\/contactenos\/#primaryimage\"},\"thumbnailUrl\":\"https:\/\/www.cmsmacchine.it\/wp-content\/uploads\/2019\/02\/photo-1487446929682-f62f73984006.jpg\",\"datePublished\":\"2025-06-11T12:30:48+00:00\",\"dateModified\":\"2025-06-11T12:31:39+00:00\",\"breadcrumb\":{\"@id\":\"https:\/\/www.cmsmacchine.it\/index.php\/es\/contactenos\/#breadcrumb\"},\"inLanguage\":\"it-IT\",\"potentialAction\":[{\"@type\":\"ReadAction\",\"target\":[\"https:\/\/www.cmsmacchine.it\/index.php\/es\/contactenos\/\"]}]},{\"@type\":\"ImageObject\",\"inLanguage\":\"it-IT\",\"@id\":\"https:\/\/www.cmsmacchine.it\/index.php\/es\/contactenos\/#primaryimage\",\"url\":\"https:\/\/www.cmsmacchine.it\/wp-content\/uploads\/2019\/02\/photo-1487446929682-f62f73984006.jpg\",\"contentUrl\":\"https:\/\/www.cmsmacchine.it\/wp-content\/uploads\/2019\/02\/photo-1487446929682-f62f73984006.jpg\",\"width\":1951,\"height\":1300},{\"@type\":\"BreadcrumbList\",\"@id\":\"https:\/\/www.cmsmacchine.it\/index.php\/es\/contactenos\/#breadcrumb\",\"itemListElement\":[{\"@type\":\"ListItem\",\"position\":1,\"name\":\"Home\",\"item\":\"https:\/\/www.cmsmacchine.it\/\"},{\"@type\":\"ListItem\",\"position\":2,\"name\":\"Cont\u00e1ctenos\"}]},{\"@type\":\"WebSite\",\"@id\":\"https:\/\/www.cmsmacchine.it\/#website\",\"url\":\"https:\/\/www.cmsmacchine.it\/\",\"name\":\"C.M.S. srl\",\"description\":\"macchine per l&#039;automazione industriale\",\"publisher\":{\"@id\":\"https:\/\/www.cmsmacchine.it\/#organization\"},\"potentialAction\":[{\"@type\":\"SearchAction\",\"target\":{\"@type\":\"EntryPoint\",\"urlTemplate\":\"https:\/\/www.cmsmacchine.it\/?s={search_term_string}\"},\"query-input\":{\"@type\":\"PropertyValueSpecification\",\"valueRequired\":true,\"valueName\":\"search_term_string\"}}],\"inLanguage\":\"it-IT\"},{\"@type\":\"Organization\",\"@id\":\"https:\/\/www.cmsmacchine.it\/#organization\",\"name\":\"C.M.S. srl\",\"url\":\"https:\/\/www.cmsmacchine.it\/\",\"logo\":{\"@type\":\"ImageObject\",\"inLanguage\":\"it-IT\",\"@id\":\"https:\/\/www.cmsmacchine.it\/#\/schema\/logo\/image\/\",\"url\":\"https:\/\/www.cmsmacchine.it\/wp-content\/uploads\/2022\/11\/cropped-cms-logo-sito-menu.png\",\"contentUrl\":\"https:\/\/www.cmsmacchine.it\/wp-content\/uploads\/2022\/11\/cropped-cms-logo-sito-menu.png\",\"width\":3493,\"height\":1146,\"caption\":\"C.M.S. srl\"},\"image\":{\"@id\":\"https:\/\/www.cmsmacchine.it\/#\/schema\/logo\/image\/\"}}]}<\/script>\n<!-- \/ Yoast SEO plugin. -->","yoast_head_json":{"title":"Cont\u00e1ctenos - C.M.S. srl","robots":{"index":"index","follow":"follow","max-snippet":"max-snippet:-1","max-image-preview":"max-image-preview:large","max-video-preview":"max-video-preview:-1"},"canonical":"https:\/\/www.cmsmacchine.it\/index.php\/es\/contactenos\/","og_locale":"it_IT","og_type":"article","og_title":"Cont\u00e1ctenos - C.M.S. srl","og_description":"\u00bfTienes una idea, una necesidad t\u00e9cnica o simplemente quieres saber c\u00f3mo podemos ayudarte?Nuestro equipo est\u00e1 listo para escucharte y guiarte hacia la soluci\u00f3n a medida para ti.Rellena el formulario a continuaci\u00f3n y nos pondremos en contacto contigo lo antes posible. Direcci\u00f3n: Via S. Francesco d\u2019 Assisi, 1 \u2013 22036 \u2013 Erba \u2013 CO \u2013 ItaliaTel.: +39 031 3355372Oficina de Contabilidad: amministrazione@cmsmacchine.itOficina Comercial: info@cmsmacchine.it Cont\u00e1ctanos Nombre y Apellido * Nombre y Apellido Nombre y Apellido Nombre y Apellido Agencia Correo electr\u00f3nico * messaggio * Enviar Se sei un essere umano, lascia questo campo vuoto.","og_url":"https:\/\/www.cmsmacchine.it\/index.php\/es\/contactenos\/","og_site_name":"C.M.S. srl","article_modified_time":"2025-06-11T12:31:39+00:00","og_image":[{"width":1951,"height":1300,"url":"http:\/\/www.cmsmacchine.it\/wp-content\/uploads\/2019\/02\/photo-1487446929682-f62f73984006.jpg","type":"image\/jpeg"}],"twitter_card":"summary_large_image","twitter_misc":{"Tempo di lettura stimato":"1 minuto"},"schema":{"@context":"https:\/\/schema.org","@graph":[{"@type":"WebPage","@id":"https:\/\/www.cmsmacchine.it\/index.php\/es\/contactenos\/","url":"https:\/\/www.cmsmacchine.it\/index.php\/es\/contactenos\/","name":"Cont\u00e1ctenos - C.M.S. srl","isPartOf":{"@id":"https:\/\/www.cmsmacchine.it\/#website"},"primaryImageOfPage":{"@id":"https:\/\/www.cmsmacchine.it\/index.php\/es\/contactenos\/#primaryimage"},"image":{"@id":"https:\/\/www.cmsmacchine.it\/index.php\/es\/contactenos\/#primaryimage"},"thumbnailUrl":"https:\/\/www.cmsmacchine.it\/wp-content\/uploads\/2019\/02\/photo-1487446929682-f62f73984006.jpg","datePublished":"2025-06-11T12:30:48+00:00","dateModified":"2025-06-11T12:31:39+00:00","breadcrumb":{"@id":"https:\/\/www.cmsmacchine.it\/index.php\/es\/contactenos\/#breadcrumb"},"inLanguage":"it-IT","potentialAction":[{"@type":"ReadAction","target":["https:\/\/www.cmsmacchine.it\/index.php\/es\/contactenos\/"]}]},{"@type":"ImageObject","inLanguage":"it-IT","@id":"https:\/\/www.cmsmacchine.it\/index.php\/es\/contactenos\/#primaryimage","url":"https:\/\/www.cmsmacchine.it\/wp-content\/uploads\/2019\/02\/photo-1487446929682-f62f73984006.jpg","contentUrl":"https:\/\/www.cmsmacchine.it\/wp-content\/uploads\/2019\/02\/photo-1487446929682-f62f73984006.jpg","width":1951,"height":1300},{"@type":"BreadcrumbList","@id":"https:\/\/www.cmsmacchine.it\/index.php\/es\/contactenos\/#breadcrumb","itemListElement":[{"@type":"ListItem","position":1,"name":"Home","item":"https:\/\/www.cmsmacchine.it\/"},{"@type":"ListItem","position":2,"name":"Cont\u00e1ctenos"}]},{"@type":"WebSite","@id":"https:\/\/www.cmsmacchine.it\/#website","url":"https:\/\/www.cmsmacchine.it\/","name":"C.M.S. srl","description":"macchine per l&#039;automazione industriale","publisher":{"@id":"https:\/\/www.cmsmacchine.it\/#organization"},"potentialAction":[{"@type":"SearchAction","target":{"@type":"EntryPoint","urlTemplate":"https:\/\/www.cmsmacchine.it\/?s={search_term_string}"},"query-input":{"@type":"PropertyValueSpecification","valueRequired":true,"valueName":"search_term_string"}}],"inLanguage":"it-IT"},{"@type":"Organization","@id":"https:\/\/www.cmsmacchine.it\/#organization","name":"C.M.S. srl","url":"https:\/\/www.cmsmacchine.it\/","logo":{"@type":"ImageObject","inLanguage":"it-IT","@id":"https:\/\/www.cmsmacchine.it\/#\/schema\/logo\/image\/","url":"https:\/\/www.cmsmacchine.it\/wp-content\/uploads\/2022\/11\/cropped-cms-logo-sito-menu.png","contentUrl":"https:\/\/www.cmsmacchine.it\/wp-content\/uploads\/2022\/11\/cropped-cms-logo-sito-menu.png","width":3493,"height":1146,"caption":"C.M.S. srl"},"image":{"@id":"https:\/\/www.cmsmacchine.it\/#\/schema\/logo\/image\/"}}]}},"_links":{"self":[{"href":"https:\/\/www.cmsmacchine.it\/index.php\/wp-json\/wp\/v2\/pages\/8981","targetHints":{"allow":["GET"]}}],"collection":[{"href":"https:\/\/www.cmsmacchine.it\/index.php\/wp-json\/wp\/v2\/pages"}],"about":[{"href":"https:\/\/www.cmsmacchine.it\/index.php\/wp-json\/wp\/v2\/types\/page"}],"author":[{"embeddable":true,"href":"https:\/\/www.cmsmacchine.it\/index.php\/wp-json\/wp\/v2\/users\/1"}],"replies":[{"embeddable":true,"href":"https:\/\/www.cmsmacchine.it\/index.php\/wp-json\/wp\/v2\/comments?post=8981"}],"version-history":[{"count":8,"href":"https:\/\/www.cmsmacchine.it\/index.php\/wp-json\/wp\/v2\/pages\/8981\/revisions"}],"predecessor-version":[{"id":8989,"href":"https:\/\/www.cmsmacchine.it\/index.php\/wp-json\/wp\/v2\/pages\/8981\/revisions\/8989"}],"wp:featuredmedia":[{"embeddable":true,"href":"https:\/\/www.cmsmacchine.it\/index.php\/wp-json\/wp\/v2\/media\/84"}],"wp:attachment":[{"href":"https:\/\/www.cmsmacchine.it\/index.php\/wp-json\/wp\/v2\/media?parent=8981"}],"curies":[{"name":"wp","href":"https:\/\/api.w.org\/{rel}","templated":true}]}}